266) + (-23 - 0) - -43.
59
Evaluate 2 - -17 - (34 + 3 - (-201 - -199)).
-20
What is 12 + -4 + 1 - (54 - (63 - 15))?
3
Evaluate 38 + (-35 - 6) + 27.
24
Evaluate (-1 - -6) + (262 - 268) + -33 + -4 + 6.
-32
Calculate -19 + (9 - 0) + 15 + -6 + -40.
-41
(-6 - (-2 + -27 + 1)) + 4 + (10 - 8)
28
What is the value of 41 - (127 + -102 + 0 + 4 - (3 + 10))?
25
Evaluate 6 + -3 + 3 + -3 - (2115 - 2119).
7
What is (15 - (-17 + 111)) + (-7 - (-11 - -1))?
-76
What is the value of -27 + (-7 - (-12 + (24 - 10)))?
-36
What is (40 - 24) + -9 + 20 + 8 + 5?
40
Calculate -805 - -814 - (93 - 1) - -1.
-82
Evaluate -220 - -220 - (-29 - 0) - -23.
52
Calculate 0 + (-20 - -17) + -3 + -34 + 2.
-38
Evaluate (-9 + -7 - -84) + -155.
-87
Evaluate ((1 - -4) + -3 - (157 + -147)) + -12.
-20
What is the value of -35 - -27 - 28 - (-19 - -5)?
-22
What is 1 + -79 + (-951 - -990)?
-39
Evaluate -12 + -102 + 400 + -243.
43
What is -9 + (-8 - -52) + 25 + -10?
50
What is the value of (-5 - (0 + 11 + -11)) + 27 + -3 + -4?
15
What is (9 - 100) + 19 + 80?
8
Evaluate (-64 - -62) + 3 + (24 - 2).
23
Evaluate 1 + 0 + -8 + -1 + (-26 - 27 - -29).
-32
What is -523 + 572 - ((-2 - -1) + (-20 - -36))?
34
Evaluate 31 - (-11 - (-3 + -10 + -15) - 12).
26
22 + 2 + (-3 - (10 - 15) - -5)
31
What is the value of (44 - (-77 + -32)) + -38 - 24?
91
Calculate (-44 - 14) + 56 - (-2 - 2).
2
Calculate 74 + (-299 - -295) + (6 - 16).
60
What is the value of 11 - (12 + 9 + -15 - 3)?
8
-61 + -1 + 9 + (50 - 31) + -15
-49
Evaluate (254 - 270) + (-1 - (6 + -3) - -87).
67
Calculate 43 + (143 - 121 - 33).
32
What is the value of 2967 + -2919 - (-23 + 1 - 1)?
71
Calculate (268627 - 268646) + (-53 - (-1 - 0) - 1).
-72
What is the value of 27 - (-6 - 7 - -6)?
34
Calculate -52 + -33 + -64 + 165.
16
Calculate 10 + (-1 - 9 - (85 - (-3 - 4 - -12))).
-80
Evaluate 16 - (0 + (-5 - 4 - -23) + 8).
-6
Calculate -38 + (31 - (-22 + -5)).
20
What is the value of (20 + 13 - 76) + (0 - -19)?
-24
-2 - (-62 - (0 + 0 + 18 + -26) - 3)
55
(3 - ((-13 - 10) + 66 - -8)) + -21
-69
What is the value of (25 - (7 - 0)) + -58 - (-5 + -1)?
-34
What is the value of -3 + 1 - (262 + -223) - -14?
-27
(-3 + 0 + 0 - (914 + -969)) + -1
51
153 + 1 + (-14589 - -14325)
-110
194 + -105 + (-10 - -1) + (-16 - 4)
60
What is the value of -3 + -25 - (20 - (51 + -21)) - 79?
-97
What is -7 - (-2 + 2) - (-44 + 75 + 7)?
-45
What is the value of 2 + -1 - -11 - (42445 - 42440)?
7
83 + (-217 + 61 - -90)
17
What is the value of 1365 + -1352 - (-1 + -70 + -1) - 7?
78
Evaluate 29 + (-4 - -3) + 28 + -21.
35
What is -1146 + 1090 + (-3 + 4 + 0 - -2 - -1)?
-52
Evaluate (-18 - -22) + 42 + (-7 - (9 - 23)).
53
-7 + 4 + -44 + (1 - (-8 + 3 - 8))
-33
What is the value of -6 - (10 + -9) - (-30 - -45 - 139)?
117
Calculate 3 + 0 + -6 + 37 + 4 - 15.
23
73 + -6 + -146 - -32
-47
What is the value of -15 + (9 - (2 + 0)) + 44?
36
What is -18 - (9 - 80 - -19) - -10?
44
(1 - -9) + (-10 - (28 - ((35 - 12) + 1)))
-4
What is the value of 61 + -77 + 0 + 135 + 1?
120
-34 - (5 + -12) - -55 - -46
74
What is -42 + -57 + 132 + -45?
-12
What is (-45 - (-42 - -18)) + 8 + 2?
-11
What is the value of -11 - -13 - (-13 + (-3 - -8) - (-1 + 0))?
9
What is the value of -7 + -2 + 69 + -165 + 130?
25
Calculate 193 + -278 + 20 + 96.
31
What is -42 - (-50 - (-40 - -11))?
-21
Calculate -2 + (-11 - (4 - 1)) - (-4642 + 4729).
-103
What is the value of -1 + (2 - 1) + 1 + -525 + 511?
-13
(83 - 50 - 17) + 3 + -3 + (-3 - -12)
25
What is the value of 35 + (-96 - (38 - 95))?
-4
What is -28 + -9 + -9 + 38?
-8
Evaluate -26 + -2 + 85 + -32.
25
What is (12 - -1) + (-16 - -9) + 37 - (6 - 2)?
39
Evaluate 29 + -7 + (5 - 36) - (1 + -15).
5
38 + (-1 - -12) + (348 - 363) - (-10 - 2)
46
Calculate 6 - -2 - (2 - 58 - (7 + 34 + -40)).
65
Evaluate (1 - 0 - (9 - (28 - 13)) - -2) + 39.
48
What is the value of -20 + (-7 - (-5 + -17) - 10)?
-15
Evaluate 0 + (-9 - -13) + -9 + (-36 - 5).
-46
Evaluate 13 + -10 - (6 - (-18 - -7)).
-14
What is -255 + 218 - (-4 + (0 - 4) + 24)?
-53
What is the value of 25 + (-8 - -2) + 16 + 19?
54
48 + -23 - -24 - 57
-8
-35 + 12 - ((-8 - -16) + -15 + 23)
-39
Evaluate -6 + (4 - (-5 + -10 + 9)) + -15 + -1.
-12
Evaluate 17 - (6 + (-12 - 0) + -8).
31
Calculate 123 + (-88 - 19) + -74.
-58
Evaluate (-10 - ((-27 - -23) + 13)) + -53.
-72
What is the value of (7 - -21 - -3) + 9 + (10 - 3 - 11)?
36
Evaluate (0 + -2 - 64) + 224 + -371 + 163.
-50
What is -77 + (12 + -7 + -16 - -16) + 11 + 6?
-55
What is 14 + -7 + -19 + (-15 - 52) + -7?
-86
(-79 - -68) + 10 - (-1 + -2 + -25)
27
-73 - -59 - (33 + (-4 - (-2 + -4)))
-49
-77 + (70 - (-105 + 56))
42
Calculate (29 - (-14 - 36)) + -113.
-34
What is the value of -120 + (51 - 2) - -179?
108
Calculate -35 - (-65 - 109 - -80).
59
What is the value of -6 - (-58 - (-112 - -57)) - (-142 + 0)?
139
What is the value of -7 + (21 - -43) - (-199 - -173)?
83
What is 115 - (135 + -90) - (3 - 4 - -18)?
53
What is the value of (-1 - -20) + -3404 + 3434?
49
Evaluate (12 + -5 + 1 - (156 - 152)) + 106 + -2.
108
What is 11 + 48 - (-6 - -27 - 6)?
44
-13 + 280 + -189 + (-6 - -44)
116
Evaluate 116 + -126 + 148 - 80.
58
Evaluate 9 + (45 + -62 - (41 + -1)).
-48
Evaluate (-9 - 0 - -2 - 0) + (-3 - -57).
47
What is 103 - ((23 - 33) + 39) - (1 + 3 + 3)?
67
-4811 + 4836 + (-1 - 57)
-33
(-1 - -5) + (-693 - -689) + 2 + (-2 - 4)
-4
What is -10 - -2 - -6 - -8 - (-89 + -19 - -7)?
107
-12 + (-2 + -11 - (-47 - -18)) + 50
54
Evaluate -10 - (-654 + 663 - (0 - -36)).
17
Evaluate (1906 - 1885) + 2 + -57.
-34
What is the value of (16 + -6 - 48) + 13 + 15?
-10
What is the value of (-247 - -277) + (-65 - -6)?
-29
Calculate (1 - (-1 - -1)) + 83 + -48 + (45 - 18).
63
Evaluate 47 + (10 - -8 - 20) + 17 + 6.
68
What is -158 + 127 + -38 + 3 + 9?
-57
What is -8 + (-2 - -15) + (-41 - (6 - 1))?
-41
What is -3423 + 3398 - ((0 - -3) + 4)?
-32
Calculate 12 + -2 + (-30 - (-14 - -1)) + -15.
-22
Calculate -4 - (-13 + (-13 - -55) - 119).
86
What is the value of (-889 - -855) + (1 - -4)?
-29
What is the value of (-18 - (18 - 14)) + 6 + 4?
-12
Calculate -3289 + 3540 - (1 + 125).
125
-1 + 95 - (11 - (18 + (22 - 10) + -28))
85
Calculate 28 + (-27 - -24 - (13 + (-5 - -2))).
15
What is -9 - -2 - (1 - 15 - 7) - (-248 + 219)?
43
-13 + -80 + (16 - -11) - -14
-52
Evaluate 1761 + -1804 + -2 + 9.
-36
Evaluate ((-5 - -1 - -5) + -80 - 2) + 60 + -57.
-78
What is -58 - (17 + 204 + -134)?
-145
What is the value of -12011 - -12117 - (1 + 147)?
-42
What is the value of (14 - 1) + (-148 - -133)?
-2
Evaluate (1 - -14) + 118 + -77 + 12 + 23 + 30.
121
What is -22 + 8 + (-44 - -57) + (1 - (-2 - -33))?
-31
Evaluate -36 - (-16 + (50 - 15) + -10).
-45
Calculate -38 + -3 + -63 + 103 - -61.
60
(66 - (58 - 42)) + -1
49
Evaluate 28 - (48 - (55 + -52)).
-17
-4 + -7 + 13 + 1 - (31 + -3)
-25
What is the value of (18 - 42) + (-66 - -46)?
-44
Calculate -2 - (8 - ((13 - 1) + 7 + -13)) - -82.
78
What is -6 - (-16 + (13 - (-85 - 14)) + -7)?
-95
-16 + -19 + -13 + 25 + -77 - (4 + -18)
-86
Evaluate 6 - -11 - (258 + -275).
34
(46 - -6) + (-28 - 11)
13
68 + (-14 - ((21 - 14) + -23))
70
Evaluate -121 + (54 - -86) + -64.
-45
What is -3 + (12 - (-11 + 13)) - ((-3 - 64) + 28)?
46
-42 + (-4 - (6 + -9 + -16))
-27
-2656 + 2684 - (44 + 0)
-16
What is (-16 - (6 - (-16 + 43))) + (-8 - 6)?
-9
What is the value of 3 + -7 + -30 + (15 - (-2 - -11))?
-28
18 + 50 + (-24 - 38)
6
Evaluate 83 - (4 + -8) - ((42 - 19) + -17).
81
What is the value of -11 - (-20 - (-15 - -4 - 4)) - 31?
-37
What is (-134 + 134 + (-1 - -11) - -1) + -14?
-3
What is the value of (14 - (4 + -2)) + 1565 + -1530?
47
What is the value of 12 + 74 - 17 - (30 + -16)?
55
What is the value of (38 + -49 + -16 - 47) + (-12 - -2)?
-84
What is the value of 10 + (13 - (15 - (-7 + (-3 - -9))))?
7
What is the value of -3 + (18 - 17) + 1 + -2 - 20?
-23
What is (46 - -1) + (-2 - -1) + 0 + (36510 - 36512)?
44
(30 - 39) + -7 + 22 - (-91 - 0) - 8
89
Calculate -80 + (31 - (43 + 15 + 10)).
-117
What is the value of 86 + -27 + 12 + -17?
54
(48 + 85 - 70) + 33
96
Calculate (2 - -15 - (222 + -151)) + (12 - 0).
-42
What is the value of (-24 - -17) + 46 + 15 + -8?
46
What is 1 + (13 - 36) - (-18 - (7 + -12))?
-9
What is the value of 42 - 3 - ((67 - 14) + -70)?
56
What is -4 + 8 - ((-77 - -10) + (11 + -4 - -2))?
62
What is (-119 - -1) + -5790 + 5857?
-51
(-18 -